{"id":5,"date":"2021-10-12T10:26:20","date_gmt":"2021-10-12T08:26:20","guid":{"rendered":"http:\/\/www.kammermusikforum.de\/?page_id=5"},"modified":"2021-10-12T10:32:33","modified_gmt":"2021-10-12T08:32:33","slug":"kammermusikforum-northeim","status":"publish","type":"page","link":"https:\/\/www.kammermusikforum.de\/","title":{"rendered":"Startseite"},"content":{"rendered":"<p style=\"text-align: center;\"><img loading=\"lazy\" decoding=\"async\" class=\"aligncenter size-full wp-image-6\" title=\"Imbshausen\" src=\"http:\/\/www.kammermusikforum.de\/wp-content\/uploads\/2009\/08\/imbshausen.jpg\" alt=\"Imbshausen\" width=\"400\" height=\"293\" srcset=\"https:\/\/www.kammermusikforum.de\/wp-content\/uploads\/2009\/08\/imbshausen.jpg 400w, https:\/\/www.kammermusikforum.de\/wp-content\/uploads\/2009\/08\/imbshausen-300x219.jpg 300w\" sizes=\"auto, (max-width: 400px) 100vw, 400px\" \/><\/p>\n<p style=\"text-align: center;\">Herzlich willkommen auf der Homepage des Northeimer Kammermusikforums e.V.<\/p>\n<p style=\"text-align: center;\">In dem auf dem Luftbild abgebildeten Schloss finden die Kammermusikkonzerte statt. Das Schloss bietet dazu ein passendes Ambiente mit Platz f\u00fcr etwa 84 Personen. Eintrittskarten k\u00f6nnen telefonisch vorbestellt werden unter der Nummer 05551-51803, oder in der Buchhandlung Grimpe in Northeim etwa zwei Wochen vor Konzerttermin erworben werden. Die Tageskasse ist ab 16 Uhr ge\u00f6ffnet. Die Konzerte beginnen um 16.30 Uhr.<\/p>\n<p style=\"text-align: center;\">Wir informieren Sie \u00fcber die aktuellen Konzerte und geben Ihnen einen \u00dcberblick \u00fcber die geplante Konzertreihe.<\/p>\n","protected":false},"excerpt":{"rendered":"<p>Herzlich willkommen auf der Homepage des Northeimer Kammermusikforums e.V. In dem auf dem Luftbild abgebildeten Schloss finden die Kammermusikkonzerte statt. Das Schloss bietet dazu ein passendes Ambiente mit Platz f\u00fcr etwa 84 Personen. Eintrittskarten k\u00f6nnen telefonisch vorbestellt werden unter der Nummer 05551-51803, oder in der Buchhandlung Grimpe in Northeim etwa zwei Wochen vor Konzerttermin erworben [&hellip;]<\/p>\n","protected":false},"author":1,"featured_media":0,"parent":0,"menu_order":1,"comment_status":"closed","ping_status":"closed","template":"","meta":{"footnotes":""},"class_list":["post-5","page","type-page","status-publish","hentry"],"_links":{"self":[{"href":"https:\/\/www.kammermusikforum.de\/index.php?rest_route=\/wp\/v2\/pages\/5","targetHints":{"allow":["GET"]}}],"collection":[{"href":"https:\/\/www.kammermusikforum.de\/index.php?rest_route=\/wp\/v2\/pages"}],"about":[{"href":"https:\/\/www.kammermusikforum.de\/index.php?rest_route=\/wp\/v2\/types\/page"}],"author":[{"embeddable":true,"href":"https:\/\/www.kammermusikforum.de\/index.php?rest_route=\/wp\/v2\/users\/1"}],"replies":[{"embeddable":true,"href":"https:\/\/www.kammermusikforum.de\/index.php?rest_route=%2Fwp%2Fv2%2Fcomments&post=5"}],"version-history":[{"count":14,"href":"https:\/\/www.kammermusikforum.de\/index.php?rest_route=\/wp\/v2\/pages\/5\/revisions"}],"predecessor-version":[{"id":570,"href":"https:\/\/www.kammermusikforum.de\/index.php?rest_route=\/wp\/v2\/pages\/5\/revisions\/570"}],"wp:attachment":[{"href":"https:\/\/www.kammermusikforum.de\/index.php?rest_route=%2Fwp%2Fv2%2Fmedia&parent=5"}],"curies":[{"name":"wp","href":"https:\/\/api.w.org\/{rel}","templated":true}]}}