{"id":18,"date":"2025-12-23T10:27:19","date_gmt":"2025-12-23T08:27:19","guid":{"rendered":"http:\/\/www.kammermusikforum.de\/?page_id=18"},"modified":"2025-12-23T11:37:32","modified_gmt":"2025-12-23T09:37:32","slug":"vorstand","status":"publish","type":"page","link":"https:\/\/www.kammermusikforum.de\/?page_id=18","title":{"rendered":"Vorstand"},"content":{"rendered":"<p>Heinz Weyhing, Vorsitz<\/p>\n<p>Marita Duwensee, Kasse<\/p>\n<p>Sylvia Kr\u00fcger, stellvertretende Vorsitzende<\/p>\n<p>Dr. Ingrid Gr\u00e4bner (Schriftf\u00fchrerin)<\/p>\n","protected":false},"excerpt":{"rendered":"<p>Heinz Weyhing, Vorsitz Marita Duwensee, Kasse Sylvia Kr\u00fcger, stellvertretende Vorsitzende Dr. Ingrid Gr\u00e4bner (Schriftf\u00fchrerin)<\/p>\n","protected":false},"author":1,"featured_media":0,"parent":0,"menu_order":5,"comment_status":"closed","ping_status":"closed","template":"","meta":{"footnotes":""},"class_list":["post-18","page","type-page","status-publish","hentry"],"_links":{"self":[{"href":"https:\/\/www.kammermusikforum.de\/index.php?rest_route=\/wp\/v2\/pages\/18","targetHints":{"allow":["GET"]}}],"collection":[{"href":"https:\/\/www.kammermusikforum.de\/index.php?rest_route=\/wp\/v2\/pages"}],"about":[{"href":"https:\/\/www.kammermusikforum.de\/index.php?rest_route=\/wp\/v2\/types\/page"}],"author":[{"embeddable":true,"href":"https:\/\/www.kammermusikforum.de\/index.php?rest_route=\/wp\/v2\/users\/1"}],"replies":[{"embeddable":true,"href":"https:\/\/www.kammermusikforum.de\/index.php?rest_route=%2Fwp%2Fv2%2Fcomments&post=18"}],"version-history":[{"count":8,"href":"https:\/\/www.kammermusikforum.de\/index.php?rest_route=\/wp\/v2\/pages\/18\/revisions"}],"predecessor-version":[{"id":1049,"href":"https:\/\/www.kammermusikforum.de\/index.php?rest_route=\/wp\/v2\/pages\/18\/revisions\/1049"}],"wp:attachment":[{"href":"https:\/\/www.kammermusikforum.de\/index.php?rest_route=%2Fwp%2Fv2%2Fmedia&parent=18"}],"curies":[{"name":"wp","href":"https:\/\/api.w.org\/{rel}","templated":true}]}}

<p>Heinz Weyhing, Vorsitz</p>
<p>Marita Duwensee, Kasse</p>
<p>Sylvia Krüger, stellvertretende Vorsitzende</p>
<p>Dr. Ingrid Gräbner (Schriftführerin)</p>

<p>Heinz Weyhing, Vorsitz Marita Duwensee, Kasse Sylvia Krüger, stellvertretende Vorsitzende Dr. Ingrid Gräbner (Schriftführerin)</p>
